/c) composite?
True
Let d be (-8)/10*(1 - 11). Suppose 0*h - 4*h + 44 = 0. Let a = d + h. Is a composite?
False
Suppose -2 = -2*x + 4*x. Let n = -1 + x. Is 2/4 + (-61)/n composite?
False
Let m = 19 - 7. Let u(r) = 2*r**2 - 18*r + 13. Is u(m) a composite number?
True
Suppose 3*h + 1040 = 4*q - 0*h, 4*h = -16. Let z = 792 - q. Is z a prime number?
False
Let d(z) = z**2 - 2*z + 3. Let w be d(3). Suppose 3*n - w*n = -51. Let a = -10 + n. Is a composite?
False
Suppose 0*h = -2*h + 70. Is h prime?
False
Is 3 - (4 - (335 + -3)) composite?
False
Let k = 6 - 0. Is k composite?
True
Let c = 309 - 55. Is c a composite number?
True
Suppose 3*y + 0*y - 23 = -2*d, d = y - 1. Suppose -2*u + y = -61. Is u a composite number?
True
Suppose -f + 315 = 2*f. Suppose 4*r + f = -2*g + 5*g, -4*g - 4*r + 140 = 0. Is g a prime number?
False
Suppose 0*r + 6 = 3*r. Suppose 5*d = -q + 1500, -r*d - 5*q - 928 = -5*d. Is d composite?
True
Let u(q) = -15*q**3 + 5*q + 13. Is u(-4) a composite number?
False
Suppose 64*c = 66*c - 106. Is c a prime number?
True
Suppose 60 = -4*n - 0*n. Is ((-10)/n)/((-2)/(-30)) a composite number?
True
Suppose 53 = 2*n - 153. Is n prime?
True
Let i(g) be the first derivative of g**4/4 + 11*g**3/3 + 9*g**2/2 - 7*g + 4. Is i(-8) a prime number?
True
Is (-14)/7*(-31)/2 a prime number?
True
Suppose -2*q = -86 - 56. Suppose 14 = -3*y + q. Is y composite?
False
Is (632/(-16))/((-1)/22) a prime number?
False
Let n(z) = 160*z + 11. Is n(2) composite?
False
Let x(a) = a**3 + 2*a**2 + a + 254. Is x(0) composite?
True
Let y(f) = 12*f + 2. Let v be y(2). Suppose u - 5*o = 36 + v, -226 = -5*u - 3*o. Is u a prime number?
True
Let z be (-1)/2*2 - 8. Let d = -1 - z. Suppose -3*y = -d*y + 15, 5*h - 4*y = 373. Is h a composite number?
True
Let z be 226 + -1 + 1 + 0. Suppose 5*d = g - 65, 0 = 4*g - 4*d + d - z. Is g prime?
False
Let y = -481 - -695. Is y prime?
False
Suppose 0 = 2*v + 82 - 528. Is v a composite number?
False
Let m(c) = -51*c**3 + c**2 - 6*c - 7. Let g(j) = -j - 1. Let h(u) = -6*g(u) + m(u). Is h(-1) prime?
False
Suppose -2*v + 5 = 1. Suppose v*u - u + 25 = 0. Is 4 + -1 + -2 - u a prime number?
False
Let h be (-106)/9 - (-2)/(-9). Let i be (3/6)/((-2)/h). Suppose 4*w - i*d - 193 = 0, 0 = -5*w + 5*d + 89 + 151. Is w a composite number?
True
Let a(l) = l**2 + 4*l - 1. Let f(k) be the second derivative of -k**4/12 - k**3/2 + k**2 - 2*k. Let d be f(2). Is a(d) a prime number?
True
Let s(g) = g**3 - 4*g**2 - 3*g - 7. Let c be s(5). Suppose 0*y - 4*p + 50 = c*y, 3*y - 57 = 3*p. Is 6/(-27) + 418/y prime?
True
Suppose -2*l = -l - 3*h - 163, 4*l - 4*h = 636. Is l composite?
False
Suppose 0 = -0*h + 2*h - 118. Let n = h - 0. Is n prime?
True
Suppose 0 = 2*y - y. Suppose 3*l + y*a = -a + 381, -5*a = 5*l - 635. Is l a composite number?
False
Suppose -7*p = -1814 - 2547. Is p prime?
False
Suppose 2*f + f = 474. Let l(x) = x**2 + 5*x - 1. Let j be l(-6). Suppose 200 = 2*m + 2*m + 4*g, -3*m + j*g = -f. Is m composite?
True
Let q(n) = 16*n**3 + 4*n - 3. Is q(5) a prime number?
True
Let i(b) = -b**3 + 3*b**2 - 6*b**2 + 7*b - 5*b. Let r be i(-2). Let v = r + 19. Is v a composite number?
False
Suppose 0 = -6*b + 2*b + 1516. Is b a composite number?
False
Let v = 117 + -70. Suppose -v = -r + 4. Is r a prime number?
False
Let u be 3*1 - (-1 - 0). Suppose -4*s - 20 = -u*x, 0 = -5*s - 4*x - x - 35. Let d = s - -29. Is d a prime number?
True
Let i = -85 + 342. Is i a prime number?
True
Let l be (14/21)/(1/(-1767)). Let d be 1/(3 + l/393). Suppose -3*u + 6*u = d. Is u prime?
True
Is ((-127)/(-5))/(1/5) composite?
False
Let s be (-2)/(-4)*(-10 + 10). Suppose -2*h + 3*h = 4*d - 343, s = -h + 5. Is d a prime number?
False
Suppose -270 - 118 = -4*j. Is j prime?
True
Suppose 4*b + m + m = 12, 3*m = b - 10. Suppose p = 4*c + b, 9 = 2*p + c + 1. Suppose -3*k - l + 82 = -13, 0 = -k + p*l + 49. Is k a prime number?
False
Is (-1)/7 - -2318*1/7 prime?
True
Let f(x) = x**3 - 2*x**2 - 4*x + 1. Let u be f(3). Let o be 14/10 - u/(-5). Suppose 2*t + o = 63. Is t prime?
True
Is (-11 + 0)/(2/(-26)) prime?
False
Suppose 0 = 2*d + 4*d - 2694. Is d composite?
False
Let o(m) = -2*m**3 - 7*m**2 - 5*m - 9. Is o(-6) prime?
False
Suppose -18*s = -16*s - 2510. Is s a composite number?
True
Suppose 0 = 4*g - 5*y - 115, 6*y = 3*y + 15. Is g a composite number?
True
Let p(l) = -33*l**3 + l + 1. Suppose -2*r - 22 = 2*x + 2*x, 2*r = -5*x - 27. Is p(r) a prime number?
False
Let u = 55 - -199. Is u prime?
False
Let g(n) = -n - 4. Let x be g(-7). Suppose 0*a - 459 = -x*a - 3*p, a = -3*p + 163. Suppose -5*r - a + 873 = 0. Is r composite?
True
Suppose -81 = -2*l - 51. Is l a composite number?
True
Let j(l) = 8*l + 11. Is j(6) a prime number?
True
Let o = 501 + -278. Is o prime?
True
Let p be (-1)/((-2)/6) - -1. Suppose 4*b + 5*y = 33, p*y - 3*y - 13 = -4*b. Suppose b*d - 20 - 94 = 0. Is d a composite number?
True
Let n(o) = 3 + 2 - o - 7*o. Let d(f) = f**2 - 4*f - 1. Let u be d(3). Is n(u) prime?
True
Let w(z) = 276*z**2 + 7*z + 3. Is w(-4) a prime number?
True
Suppose -1160 = -7*n + 5*n. Suppose 0 = -4*s - 2*x + n, -6*x = -5*s - x + 695. Is s prime?
False
Let y(m) = 6*m**3 - 4*m**2 + 3*m + 5. Let f be y(4). Suppose 2*t = -47 + f. Is t a composite number?
True
Let y(k) = 11*k**3 - 3*k + 1. Suppose p + 3 - 6 = 0. Is y(p) prime?
False
Suppose u + 2 - 54 = -3*k, u = -5. Is k a composite number?
False
Let a(l) = -15*l + 3. Let p be a(7). Is (-4 + 6)*p/(-4) prime?
False
Suppose 0 = 4*s - 7*s. Suppose -3*x + 271 = 2*u - 118, -5*x + 2*u + 627 = s. Is x a prime number?
True
Let a(g) be the second derivative of -2*g**3/3 - 7*g**2/2 - 6*g. Is a(-7) a composite number?
True
Let n(p) be the third derivative of -p**6/360 + p**5/15 - p**4/6 + p**3/6 + p**2. Let c(g) be the first derivative of n(g). Is c(7) a composite number?
False
Suppose 0 = 4*s - 2*t, -s + 3*t + 3 = 8. Let b(x) = s + 5*x - x + 0*x. Is b(9) prime?
True
Let z(s) = s**2 + 9*s - 3. Let r be z(-10). Is (-1)/r - 2676/(-14) a composite number?
False
Let w(z) = 87*z + 3. Let u be w(-3). Suppose d = o - d - 11, -d - 10 = -2*o. Is (o/(-6))/(3/u) a composite number?
False
Let r(d) = -d - 9. Let g be r(-7). Let v(y) = -8*y**3 - 2*y - 1. Let n be v(-1). Is g/n - 1606/(-18) prime?
True
Let y = 389 - 138. Is y a prime number?
True
Is 1/1 + (-6)/(-3)*629 prime?
True
Suppose -3 + 8 = v + 4*d, 0 = -v - 3*d + 4. Let p(g) = 252*g**3 + 2*g**2 - 1. Is p(v) a prime number?
False
Is (17872/(-64))/(1/(-4)) a composite number?
False
Let j(f) = f**3 + f**2 - f + 87. Is j(0) composite?
True
Let b(v) = -v**3 + 11*v**2 - 3*v + 10. Is b(5) prime?
False
Let i(a) = a + 12*a**2 + 0*a - 3*a + 1 + 24*a**2. Is i(-2) composite?
False
Let b(x) = 13*x**2 + 2*x - 2. Let y be b(2). Let d = y - -35. Is d composite?
False
Suppose -100*s = -98*s - 2798. Is s composite?
False
Let g be (4/3)/((-2)/(-3)). Suppose 0 = g*d - 8. Suppose -4*y - d*q + 184 = 0, -2*y - 2*q = -y - 43. Is y composite?
True
Let l be 5/(-20) + (-11)/4. Let d = 3 - l. Suppose d*s = 2*s + 88. Is s a composite number?
True
Suppose -3*n + 758 = j, j - 756 - 253 = -4*n. Is n prime?
True
Let i be 2/(-9) - (-40)/18. Let d be 3 - (0 - (-1 + i)). Suppose 0 = q - d - 7. Is q prime?
True
Let x(c) = 3*c - 5*c + 3*c + 8. Let l be x(-8). Is 1/(-2)*(l - 130) a composite number?
True
Let s be 4 + 0 - 0/(-2). Suppose s - 2 = -w. Let n(m) = -16*m - 1. Is n(w) composite?
False
Let h = -131 + 246. Is h a prime number?
False
Let h(l) be the first derivative of -7*l**2 - 4*l - 2. Let z be h(5). Is (-1)/((-146)/z - 2) a composite number?
False
Suppose -4*h + 2*h = 5*c - 1, -4*c + 8 = 4*h. Let p = 118 - 73. Suppose p - 3 = h*u. Is u composite?
True
Let r be 8/6*3/2. Let k be 2/r*23*1. Let y = 60 - k. Is y a prime number?
True
Let w(x) = 120*x + 5. Suppose 7 - 3 = i. Let t be w(i). Suppose -t = -10*b + 5*b. Is b composite?
False
Suppose 5*c + 6771 = 2*n, -n + 13487 = 3*n + c. Suppose 3*g - 2013 = 3*i, -5*g - 2*i + n = 2*i. Is g a prime number?
True
Let n be (-6)/(-10) + 1084/10. Let c = n - -18. Is c a prime number?
True
Let q = -37 + 114. Is q a prime number?
False
Let u(v) = v**3 + v + 0*v - 8*v**2 + v - 12 - 4*v. Is u(9) a prime number?
False
Let f = -8 + 14. Let b be (2 + (-63)/f)*-20. Suppose -z - z = -b. Is z prime?
False
Suppose 2*k - r - 44